to base 12
38
Convert 9 (base 14) to base 2.
1001
-33 (base 4) to base 12
-13
86 (base 9) to base 5
303
-21 (base 9) to base 10
-19
10 (base 5) to base 6
5
What is -20 (base 10) in base 5?
-40
What is 3 (base 8) in base 16?
3
What is 21120 (base 3) in base 5?
1304
Convert 10 (base 11) to base 16.
b
4 (base 14) to base 9
4
-256 (base 8) to base 2
-10101110
20 (base 3) to base 2
110
Convert 4 (base 6) to base 15.
4
2 (base 14) to base 5
2
Convert -132 (base 8) to base 15.
-60
What is -5 (base 10) in base 14?
-5
Convert -111 (base 4) to base 7.
-30
Convert 8 (base 13) to base 15.
8
-4 (base 10) to base 5
-4
Convert 100101100 (base 2) to base 9.
363
125 (base 6) to base 10
53
What is -126 (base 13) in base 2?
-11001001
4 (base 13) to base 10
4
Convert -1 (base 15) to base 3.
-1
What is -191 (base 11) in base 6?
-1005
-7 (base 15) to base 13
-7
9 (base 16) to base 13
9
a (base 11) to base 3
101
Convert -5 (base 9) to base 15.
-5
36 (base 12) to base 10
42
Convert -5 (base 9) to base 3.
-12
Convert 15 (base 9) to base 12.
12
16 (base 11) to base 6
25
Convert 221 (base 4) to base 7.
56
-22 (base 11) to base 2
-11000
Convert -4 (base 10) to base 12.
-4
2 (base 6) to base 14
2
Convert 320 (base 6) to base 9.
143
Convert -4c (base 14) to base 10.
-68
-45 (base 13) to base 14
-41
What is -82 (base 16) in base 8?
-202
Convert 3 (base 5) to base 13.
3
-112 (base 4) to base 5
-42
What is 5 (base 11) in base 8?
5
What is 7 (base 15) in base 11?
7
201 (base 6) to base 2
1001001
-1 (base 6) to base 13
-1
What is -20 (base 7) in base 10?
-14
Convert -146 (base 13) to base 8.
-343
Convert -5 (base 8) to base 7.
-5
Convert 7f (base 16) to base 2.
1111111
Convert 141 (base 6) to base 13.
49
Convert 1010 (base 2) to base 4.
22
What is -22 (base 4) in base 5?
-20
-4 (base 13) to base 16
-4
What is 22a (base 13) in base 3?
111212
Convert 4 (base 11) to base 2.
100
Convert -62 (base 16) to base 11.
-8a
112 (base 5) to base 4
200
What is -125 (base 6) in base 3?
-1222
What is 0 (base 10) in base 15?
0
8 (base 11) to base 6
12
What is 4 (base 14) in base 11?
4
-3 (base 4) to base 11
-3
Convert -12020 (base 3) to base 8.
-215
What is 50 (base 9) in base 6?
113
-30 (base 11) to base 6
-53
-222 (base 9) to base 16
-b6
Convert -1 (base 10) to base 15.
-1
0 (base 6) to base 12
0
7 (base 9) to base 13
7
Convert -1 (base 5) to base 11.
-1
Convert 2 (base 13) to base 10.
2
What is 0 (base 4) in base 15?
0
What is 34 (base 9) in base 12?
27
8 (base 9) to base 7
11
Convert -109 (base 10) to base 2.
-1101101
What is 15 (base 14) in base 11?
18
Convert 4 (base 6) to base 16.
4
What is -33 (base 5) in base 7?
-24
What is -95 (base 12) in base 2?
-1110001
What is -11000 (base 2) in base 9?
-26
2 (base 3) to base 8
2
What is 1 (base 7) in base 15?
1
What is 103 (base 10) in base 7?
205
Convert 7 (base 13) to base 9.
7
What is -111 (base 7) in base 5?
-212
Convert -5 (base 12) to base 6.
-5
What is 46 (base 9) in base 10?
42
What is 1020 (base 4) in base 9?
80
Convert -2 (base 16) to base 15.
-2
What is -3 (base 16) in base 4?
-3
Convert 4 (base 9) to base 10.
4
Convert 23 (base 10) to base 7.
32
0 (base 12) to base 8
0
-e (base 16) to base 3
-112
Convert -2 (base 8) to base 10.
-2
-28 (base 9) to base 3
-222
-10 (base 2) to base 4
-2
-110 (base 5) to base 14
-22
Convert -17 (base 10) to base 6.
-25
Convert 5 (base 13) to base 16.
5
-3 (base 11) to base 16
-3
Convert -4 (base 7) to base 11.
-4
-15 (base 8) to base 10
-13
What is 52 (base 6) in base 2?
100000
Convert -2 (base 13) to base 12.
-2
1101 (base 3) to base 12
31
7 (base 14) to base 8
7
Convert -76 (base 13) to base 7.
-166
13 (base 10) to base 16
d
What is -1 (base 6) in base 7?
-1
What is -12 (base 10) in base 14?
-c
Convert -10 (base 7) to base 3.
-21
104 (base 5) to base 9
32
What is 203 (base 6) in base 7?
135
What is -3c (base 14) in base 16?
-36
Convert 25 (base 6) to base 4.
101
Convert 21 (base 7) to base 10.
15
Convert -34 (base 11) to base 5.
-122
Convert -4 (base 12) to base 14.
-4
25 (base 12) to base 16
1d
-130 (base 13) to base 9
-251
46 (base 15) to base 9
73
What is -47 (base 10) in base 14?
-35
Convert -3 (base 4) to base 12.
-3
-243 (base 7) to base 6
-333
What is -4 (base 7) in base 11?
-4
What is 3 (base 9) in base 4?
3
What is 0 (base 5) in base 13?
0
What is 27 (base 8) in base 11?
21
-7 (base 14) to base 9
-7
13 (base 9) to base 12
10
-2 (base 9) to base 8
-2
What is -1011 (base 2) in base 10?
-11
What is 43 (base 8) in base 13?
29
Convert -50 (base 11) to base 4.
-313
-13 (base 5) to base 7
-11
What is 6 (base 16) in base 4?
12
What is -4 (base 7) in base 3?
-11
Convert -14 (base 11) to base 5.
-30
What is -d (base 14) in base 10?
-13
Convert 3 (base 11) to base 12.
3
Convert 0 (base 7) to base 8.
0
Convert 152 (base 12) to base 8.
316
Convert -11 (base 2) to base 14.
-3
What is 3e (base 15) in base 8?
73
What is -1142 (base 5) in base 8?
-254
10 (base 3) to base 10
3
Convert -1 (base 2) to base 6.
-1
Convert -101 (base 2) to base 11.
-5
4 (base 5) to base 2
100
What is -17 (base 12) in base 2?
-10011
Convert -4 (base 8) to base 13.
-4
What is -12 (base 4) in base 6?
-10
Convert -11 (base 2) to base 12.
-3
-445 (base 7) to base 2
-11100101
Convert -3123 (base 4) to base 16.
-db
What is -4 (base 7) in base 13?
-4
Convert -5 (base 14) to base 11.
-5
-14 (base 7) to base 3
-102
What is 0 (base 7) in base 13?
0
-430 (base 7) to base 10
-217
352 (base 10) to base 8
540
What is -23 (base 5) in base 16?
-d
Convert 1 (base 14) to base 11.
1
Convert -21 (base 8) to base 9.
-18
Convert 121 (base 4) to base 9.
27
29 (base 11) to base 2
11111
What is -8a (base 15) in base 14?
-94
What is -a (base 11) in base 14?
-a
3 (base 9) to base 16
3
What is 1 (base 16) in base 5?
1
Convert 3 (base 13) to base 12.
3
What is 46 (base 10) in base 3?
1201
Convert -101000 (base 2) to base 8.
-50
Convert -302 (base 4) to base 5.
-200
What is -12 (base 4) in base 13?
-6
0 (base 7) to base 9
0
Convert -155 (base 7) to base 16.
-59
What is 20 (base 5) in base 13?
a
What is 3 (base 9) in base 6?
3
6 (base 11) to base 14
6
Convert 3 (base 9) to base 3.
10
13 (base 14) to base 9
18
What is 122 (base 5) in base 2?
100101
What is -11 (base 2) in base 15?
-3
3c (base 16) to base 13
48
Convert -221 (base 4) to base 9.
-45
-316 (base 9) to base 7
-516
3 (base 4) to base 6
3
Convert -102 (base 4) to base 8.
-22
103 (base 9) to base 11
77
32 (base 5) to base 13
14
Convert 3 (base 6) to base 15.
3
Convert 0 (base 9) to base 7.
0
Convert -32 (base 4) to base 7.
-20
10 (base 8) to base 9
8
What is 60 (base 8) in base 12?
40
What is -d (base 14) in base 2?
-1101
1101 (base 3) to base 13
2b
Convert -1 (base 12) to base 3.
-1
Convert 2 (base 12) to base 11.
2
What is -4 (base 16) in base 11?
-4
Convert 174 (base 11) to base 6.
534
Convert 3 (base 15) to base 4.
3
Convert 10 (base 13) to base 10.
13
31 (base 10) to base 13
25
10 (base 2) to base 9
2
What is 1a (base 16) in base 8?
32
Convert -74 (base 13) to base 8.
-137
Convert 5 (base 6) to base 9.
5
Convert 1c (base 16) to base 8.
34
-3 (base 7) to base 3
-10
What is 6 (base 15) in base 11?
6
Convert 2 (base 16) to base 10.
2
Convert 1 (base 2) to base 11.
1
Convert -11 (base 4) to base 14.
-5
-3 (base 8) to base 13
-3
3 (base 14) to base 15
3
5c (base 15) to base 8
127
Convert 4 (base 9) to base 8.
4
What is 48 (base 16) in base 10?
72
What is 114 (base 13) in base 6?
510
Convert 110010 (base 2) to base 15.
35
Convert 6 (base 12) to base 14.
6
-15 (base 16) to base 7
-30
What is -23 (base 4) in base 14?
-b
Convert 1b (base 16) to base 9.
30
Convert -1 (base 16) to base 15.
-1
What is -17 (base 9) in base 3?
-121
What is -3 (base 10) in base 7?
-3
Convert -4 (base 10) to base 12.
-4
What is -1120 (base 3) in base 10?
-42
Convert -223 (base 6) to base 5.
-322
Convert -1 (base 4) to base 13.
-1
Convert 12 (base 14) to base 7.
22
What is 11 (base 4) in base 12?
5
Convert 213 (base 4) to base 6.
103
Convert 9 (base 10) to base 15.
9
Convert -1 (base 10) to base 7.
-1
What is 11010111 (base 2) in base 14?
115
What is -34 (base 11) in base 15?
-27
Convert -19 (base 14) to base 10.
-23
What is -5 (base 12) in base 15?
-5
110 (base 5) to base 8
36
What is -1 (base 15) in base 5?
-1
2 (base 9) to base 